{"id":512,"date":"2025-03-18T08:28:57","date_gmt":"2025-03-18T07:28:57","guid":{"rendered":"https:\/\/steyl150.nl\/?post_type=tribe_events&#038;p=512"},"modified":"2025-03-18T08:28:57","modified_gmt":"2025-03-18T07:28:57","slug":"venloverlicht","status":"publish","type":"tribe_events","link":"https:\/\/steyl150.nl\/de\/programma\/venloverlicht\/","title":{"rendered":"VenloVerlicht"},"content":{"rendered":"<p>Ab <strong>7. September 2024 bis 23. Februar 2025<\/strong> zusammen mit den Stadtteilen Arcen und Steyl verwandelt sich Venlo in eine beeindruckende Freiluftausstellung: VenloVerlicht. Tags\u00fcber werden Sie die Stadt mit neuen Augen entdecken, aber sobald die Sonne untergeht und die Thielen-Ausstellung im Museum van Bommel van Dam schlie\u00dft, gehen drau\u00dfen buchst\u00e4blich die Lichter an.<\/p>\n<p>Mehr als 50 Laternenmasten werden in beleuchtete Kunstwerke verwandelt. An speziellen Halterungen werden K\u00fcnstler aller Art ihre Kreationen pr\u00e4sentieren, die bei eingeschalteter Stra\u00dfenbeleuchtung durch eingebaute LED-Leuchten von innen beleuchtet werden. Jedes Werk beleuchtet das Thema Licht auf einzigartige Weise, von symbolisch bis abstrakt. \u00dcber einen QR-Code auf jeder Leuchte k\u00f6nnen Sie direkt auf zus\u00e4tzliche Informationen \u00fcber das Kunstwerk und seinen Sch\u00f6pfer zugreifen.<\/p>\n<p>Die Auswahl der Kunstwerke ist so vielf\u00e4ltig wie die Stadt selbst. Rieke Righolt, Direktorin des Museums van Bommel van Dam, w\u00e4hlt zehn Werke aus der Sammlung des Museums aus, die einen thematischen Bezug zur Ausstellung haben. Au\u00dferdem laden Serv\u00e9 Hermans und Margot van Deursen, die Projektleiterinnen von VenloVerlicht, zehn lokale K\u00fcnstlerinnen und K\u00fcnstler ein, speziell f\u00fcr diese Veranstaltung neue Werke zu schaffen. Es wird auch Raum f\u00fcr junge Talente geben, die von den Venlo Culture Coaches ausgew\u00e4hlt werden.<\/p>","protected":false},"excerpt":{"rendered":"<p>Vanaf 7 september 2024 t\/m 23 februari 2025 verandert Venlo, samen met de stadsdelen Arcen en Steyl, in een indrukwekkende openluchttentoonstelling: VenloVerlicht. Overdag ontdek je de stad met nieuwe ogen, [&hellip;]<\/p>\n","protected":false},"author":2,"featured_media":271,"template":"","meta":{"_tribe_events_status":"","_tribe_events_status_reason":"","footnotes":""},"tags":[],"tribe_events_cat":[],"class_list":["post-512","tribe_events","type-tribe_events","status-publish","has-post-thumbnail","hentry"],"_links":{"self":[{"href":"https:\/\/steyl150.nl\/de\/wp-json\/wp\/v2\/tribe_events\/512","targetHints":{"allow":["GET"]}}],"collection":[{"href":"https:\/\/steyl150.nl\/de\/wp-json\/wp\/v2\/tribe_events"}],"about":[{"href":"https:\/\/steyl150.nl\/de\/wp-json\/wp\/v2\/types\/tribe_events"}],"author":[{"embeddable":true,"href":"https:\/\/steyl150.nl\/de\/wp-json\/wp\/v2\/users\/2"}],"version-history":[{"count":1,"href":"https:\/\/steyl150.nl\/de\/wp-json\/wp\/v2\/tribe_events\/512\/revisions"}],"predecessor-version":[{"id":516,"href":"https:\/\/steyl150.nl\/de\/wp-json\/wp\/v2\/tribe_events\/512\/revisions\/516"}],"wp:featuredmedia":[{"embeddable":true,"href":"https:\/\/steyl150.nl\/de\/wp-json\/wp\/v2\/media\/271"}],"wp:attachment":[{"href":"https:\/\/steyl150.nl\/de\/wp-json\/wp\/v2\/media?parent=512"}],"wp:term":[{"taxonomy":"post_tag","embeddable":true,"href":"https:\/\/steyl150.nl\/de\/wp-json\/wp\/v2\/tags?post=512"},{"taxonomy":"tribe_events_cat","embeddable":true,"href":"https:\/\/steyl150.nl\/de\/wp-json\/wp\/v2\/tribe_events_cat?post=512"}],"curies":[{"name":"wp","href":"https:\/\/api.w.org\/{rel}","templated":true}]}}

<p>Ab <strong>7. September 2024 bis 23. Februar 2025</strong> zusammen mit den Stadtteilen Arcen und Steyl verwandelt sich Venlo in eine beeindruckende Freiluftausstellung: VenloVerlicht. Tagsüber werden Sie die Stadt mit neuen Augen entdecken, aber sobald die Sonne untergeht und die Thielen-Ausstellung im Museum van Bommel van Dam schließt, gehen draußen buchstäblich die Lichter an.</p>
<p>Mehr als 50 Laternenmasten werden in beleuchtete Kunstwerke verwandelt. An speziellen Halterungen werden Künstler aller Art ihre Kreationen präsentieren, die bei eingeschalteter Straßenbeleuchtung durch eingebaute LED-Leuchten von innen beleuchtet werden. Jedes Werk beleuchtet das Thema Licht auf einzigartige Weise, von symbolisch bis abstrakt. Über einen QR-Code auf jeder Leuchte können Sie direkt auf zusätzliche Informationen über das Kunstwerk und seinen Schöpfer zugreifen.</p>
<p>Die Auswahl der Kunstwerke ist so vielfältig wie die Stadt selbst. Rieke Righolt, Direktorin des Museums van Bommel van Dam, wählt zehn Werke aus der Sammlung des Museums aus, die einen thematischen Bezug zur Ausstellung haben. Außerdem laden Servé Hermans und Margot van Deursen, die Projektleiterinnen von VenloVerlicht, zehn lokale Künstlerinnen und Künstler ein, speziell für diese Veranstaltung neue Werke zu schaffen. Es wird auch Raum für junge Talente geben, die von den Venlo Culture Coaches ausgewählt werden.</p>
