{"id":547,"date":"2025-03-18T10:33:09","date_gmt":"2025-03-18T09:33:09","guid":{"rendered":"https:\/\/steyl150.nl\/?post_type=tribe_events&#038;p=547"},"modified":"2025-04-24T11:54:00","modified_gmt":"2025-04-24T09:54:00","slug":"steyler-jeugddag","status":"publish","type":"tribe_events","link":"https:\/\/steyl150.nl\/de\/programma\/steyler-jeugddag\/","title":{"rendered":"Steyler Jugendtag"},"content":{"rendered":"<p>Am Dienstag, 29. April 2025, findet zum dritten Mal der Steyler Jugendtag statt, eine lebendige Veranstaltung voller Bildung, Abenteuer und Spa\u00df f\u00fcr junge Leute. Von 11 bis 16 Uhr \u00f6ffnen verschiedene Orte in Steyl ihre T\u00fcren, um jugendlichen Besuchern einen unvergesslichen Tag zu bieten.<\/p>\n<p><strong>Was k\u00f6nnen Sie erwarten?<\/strong><br \/>\nEin abwechslungsreiches Programm mit spannenden, lehrreichen und kreativen Aktivit\u00e4ten. Egal, ob Sie Lust auf Abenteuer und Entdeckungen haben oder einfach nur einen unterhaltsamen Tag verbringen m\u00f6chten, es ist f\u00fcr jeden etwas dabei!<\/p>\n<p><strong>Freier Eintritt<\/strong> - Jeder ist willkommen! Es wird jedoch um einen freiwilligen Beitrag f\u00fcr zwei Wohlt\u00e4tigkeitsorganisationen gebeten:<\/p>\n<ul>\n<li>Die Stichting Sint Martinus Nederland unterst\u00fctzt Stra\u00dfenkinder in Rio de Janeiro (Brasilien) durch Projekte der Associacao Beneficente AMAR, die von dem niederl\u00e4ndischen Karmeliter Carmelo Cox mitbegr\u00fcndet wurde. Diese Organisation hilft gef\u00e4hrdeten Kindern und Jugendlichen in sozialen Risikosituationen.<\/li>\n<li>Das Projekt Mission Sisters in Togo konzentriert sich auf die Bereitstellung von Bildung und einer sicheren Lernumgebung f\u00fcr Kinder und Jugendliche. Ziel ist es, ihre Zukunftsaussichten zu verbessern, die Zwangsarbeit zu verringern und Kinderehen zu verhindern.<\/li>\n<\/ul>\n<p><strong>das Programm<\/strong><\/p>\n<p><strong>Missiemuseum, Veerweg 6<br \/>\n<\/strong>11.00-16.00<strong><br \/>\n<\/strong>Workshop \u00fcber Fantasietiere mit Laterna Magica<br \/>\nDas Missionsmuseum beherbergt viele Tiere aus Vergangenheit und Gegenwart, die die Fantasie anregen. Die Komodowarane im Museum zum Beispiel waren fr\u00fcher als \u201eDrachen\u201c bekannt. Am Steyler Jugendtag bastelst du im Missionsmuseum dein eigenes Fantasietier, das du mit Hilfe einer Laterna Magica gro\u00df projizierst.<br \/>\nDer Workshop ist f\u00fcr alle Altersgruppen geeignet und wird von Lichtbende in Zusammenarbeit mit dem Missionsmuseum durchgef\u00fchrt.<\/p>\n<p><strong>Keramiekcentrum Tiendschuur, Kasteellaan 8<\/strong><br \/>\n11.00-16.00 uur<br \/>\nF\u00fcr Kinder von 6-15 Jahren<br \/>\nMachen Sie sich die H\u00e4nde in der Keramikwerkstatt schmutzig und erleben Sie, wie es ist, mit Ton zu arbeiten. Im Ceramics Centre the Ten Barn wird Ihre Tonkreation im Brennofen gebrannt und Sie k\u00f6nnen sie sp\u00e4ter abholen und mit nach Hause nehmen! Au\u00dferdem gibt es verschiedene Spiele und Mitmach-Aktivit\u00e4ten.<br \/>\nRegistrieren Sie sich im Voraus \u00fcber die<strong><a href=\"https:\/\/tiendschuur.net\/event\/steyler-jeugddag-in-de-tiendschuur\/\"> website<\/a><\/strong> is erforderlich.<\/p>\n<p><strong>Limburgs Schutterij Museum, Rozenstraat 18<\/strong><br \/>\n11.00-16.00 uur<br \/>\nVerkleide dich als Revolverheld. Hier darfst du mit einer Windpistole schie\u00dfen! F\u00fcr die echten Detektive gibt es eine lustige Schnitzeljagd und immer eine \u00dcberraschung.<\/p>\n<p><strong>Wereldpaviljoen, Sint Micha\u00eblstraat 6A<\/strong><br \/>\n11.00-16.00 uur<br \/>\nSteigen Sie in ein echtes Flugzeug, um die L\u00e4nder Nicaragua und Ghana zu entdecken, lassen Sie Ihre H\u00e4nde beim Djembe-\/Trommel-Workshop schwingen, machen Sie eine Busfahrt in Ghana, treffen Sie den Medizinmann, lauschen Sie den Geschichten am Affenbrotbaum oder besuchen Sie die Zauberschule \u201eAlwienietzietisblind-College\u201c, um eine Schatzkarte zu erhalten.<\/p>\n<p><strong>Toet tout theater, Kloosterstraat 6<\/strong><br \/>\n11.00-16.00 uur<br \/>\nTriwizard 'Alwienietzietisblind-College'<br \/>\nKommt zum Tag der offenen T\u00fcr in unsere Tri-Zauberer-Schule, seht euch den Stelzenl\u00e4ufer an, bastelt ein Traumwerk, w\u00e4hrend es lustige Live-Musik gibt, und bringt eine Schatzkarte mit, um im Weltpavillon nach Sch\u00e4tzen zu suchen!<\/p>\n<p><strong>Missiehuis, Sint Micha\u00eblstraat 7<\/strong><br \/>\n14.00-16.00 uur<br \/>\nM\u00f6chten Sie den Gr\u00fcnder des Klosterdorfes kennen lernen? Dann werfen Sie einen Blick auf die Missionare im Missionshaus St. Michael. Patres, Br\u00fcder und einige der blauen Schwestern stehen bereit, um Ihnen alles \u00fcber das Leben und die Arbeit in diesem Klosterdorf zu erz\u00e4hlen, von vor 150 Jahren bis heute.<\/p>\n<p><strong>Ketelhuis, Parkstraat 32<\/strong><br \/>\n13.00-16.00 uur<br \/>\nGehen Sie zur\u00fcck in die Vergangenheit und entdecken Sie, wie es fr\u00fcher in der Feuerwache zuging. Erfahren Sie, was im Brandfall zu tun ist und werfen Sie einen Blick auf unsere geniale Dampfmaschine. Lernen Sie spielerisch, wie sie funktioniert und bedienen Sie anschlie\u00dfend selbst eine Miniatur-Dampfmaschine. Beenden Sie Ihren Besuch mit einem Foto auf unserem historischen Feuerwehrauto.<\/p>\n<p><strong>Open Podium<\/strong><br \/>\nBOEi organiseert een open podium voor jongeren uit Steyl en omgeving. Bij het Wereldpaviljoen zullen vanaf 12:00 uur verschillende jongeren hun kunsten tonen aan het publiek.<br \/>\nKom kijken en geniet van een middag vol creatief talent!<\/p>\n<p>Der Steyler Jugendtag bietet eine einzigartige Gelegenheit, Steyl zu entdecken. Komm vorbei, mach mit und erlebe einen tollen Tag mit Freunden und Familie!<\/p>","protected":false},"excerpt":{"rendered":"<p>Op dinsdag 29 april 2025 vindt de derde editie van de Steyler Jeugddag plaats, een bruisend evenement vol educatie, avontuur en plezier voor jongeren. Van 11.00 tot 16.00 uur openen [&hellip;]<\/p>\n","protected":false},"author":2,"featured_media":661,"template":"","meta":{"_tribe_events_status":"","_tribe_events_status_reason":"","footnotes":""},"tags":[28,27,26,25],"tribe_events_cat":[],"class_list":["post-547","tribe_events","type-tribe_events","status-publish","has-post-thumbnail","hentry","tag-jeugd","tag-kinderen","tag-steyl","tag-steyler-jeugddag"],"_links":{"self":[{"href":"https:\/\/steyl150.nl\/de\/wp-json\/wp\/v2\/tribe_events\/547","targetHints":{"allow":["GET"]}}],"collection":[{"href":"https:\/\/steyl150.nl\/de\/wp-json\/wp\/v2\/tribe_events"}],"about":[{"href":"https:\/\/steyl150.nl\/de\/wp-json\/wp\/v2\/types\/tribe_events"}],"author":[{"embeddable":true,"href":"https:\/\/steyl150.nl\/de\/wp-json\/wp\/v2\/users\/2"}],"version-history":[{"count":14,"href":"https:\/\/steyl150.nl\/de\/wp-json\/wp\/v2\/tribe_events\/547\/revisions"}],"predecessor-version":[{"id":813,"href":"https:\/\/steyl150.nl\/de\/wp-json\/wp\/v2\/tribe_events\/547\/revisions\/813"}],"wp:featuredmedia":[{"embeddable":true,"href":"https:\/\/steyl150.nl\/de\/wp-json\/wp\/v2\/media\/661"}],"wp:attachment":[{"href":"https:\/\/steyl150.nl\/de\/wp-json\/wp\/v2\/media?parent=547"}],"wp:term":[{"taxonomy":"post_tag","embeddable":true,"href":"https:\/\/steyl150.nl\/de\/wp-json\/wp\/v2\/tags?post=547"},{"taxonomy":"tribe_events_cat","embeddable":true,"href":"https:\/\/steyl150.nl\/de\/wp-json\/wp\/v2\/tribe_events_cat?post=547"}],"curies":[{"name":"wp","href":"https:\/\/api.w.org\/{rel}","templated":true}]}}

<p>Am Dienstag, 29. April 2025, findet zum dritten Mal der Steyler Jugendtag statt, eine lebendige Veranstaltung voller Bildung, Abenteuer und Spaß für junge Leute. Von 11 bis 16 Uhr öffnen verschiedene Orte in Steyl ihre Türen, um jugendlichen Besuchern einen unvergesslichen Tag zu bieten.</p>
<p><strong>Was können Sie erwarten?</strong><br />
Ein abwechslungsreiches Programm mit spannenden, lehrreichen und kreativen Aktivitäten. Egal, ob Sie Lust auf Abenteuer und Entdeckungen haben oder einfach nur einen unterhaltsamen Tag verbringen möchten, es ist für jeden etwas dabei!</p>
<p><strong>Freier Eintritt</strong> - Jeder ist willkommen! Es wird jedoch um einen freiwilligen Beitrag für zwei Wohltätigkeitsorganisationen gebeten:</p>
<ul>
<li>Die Stichting Sint Martinus Nederland unterstützt Straßenkinder in Rio de Janeiro (Brasilien) durch Projekte der Associacao Beneficente AMAR, die von dem niederländischen Karmeliter Carmelo Cox mitbegründet wurde. Diese Organisation hilft gefährdeten Kindern und Jugendlichen in sozialen Risikosituationen.</li>
<li>Das Projekt Mission Sisters in Togo konzentriert sich auf die Bereitstellung von Bildung und einer sicheren Lernumgebung für Kinder und Jugendliche. Ziel ist es, ihre Zukunftsaussichten zu verbessern, die Zwangsarbeit zu verringern und Kinderehen zu verhindern.</li>
</ul>
<p><strong>das Programm</strong></p>
<p><strong>Missiemuseum, Veerweg 6<br />
</strong>11.00-16.00<strong><br />
</strong>Workshop über Fantasietiere mit Laterna Magica<br />
Das Missionsmuseum beherbergt viele Tiere aus Vergangenheit und Gegenwart, die die Fantasie anregen. Die Komodowarane im Museum zum Beispiel waren früher als „Drachen“ bekannt. Am Steyler Jugendtag bastelst du im Missionsmuseum dein eigenes Fantasietier, das du mit Hilfe einer Laterna Magica groß projizierst.<br />
Der Workshop ist für alle Altersgruppen geeignet und wird von Lichtbende in Zusammenarbeit mit dem Missionsmuseum durchgeführt.</p>
<p><strong>Keramiekcentrum Tiendschuur, Kasteellaan 8</strong><br />
11.00-16.00 uur<br />
Für Kinder von 6-15 Jahren<br />
Machen Sie sich die Hände in der Keramikwerkstatt schmutzig und erleben Sie, wie es ist, mit Ton zu arbeiten. Im Ceramics Centre the Ten Barn wird Ihre Tonkreation im Brennofen gebrannt und Sie können sie später abholen und mit nach Hause nehmen! Außerdem gibt es verschiedene Spiele und Mitmach-Aktivitäten.<br />
Registrieren Sie sich im Voraus über die<strong><a href="https://tiendschuur.net/event/steyler-jeugddag-in-de-tiendschuur/"> website</a></strong> is erforderlich.</p>
<p><strong>Limburgs Schutterij Museum, Rozenstraat 18</strong><br />
11.00-16.00 uur<br />
Verkleide dich als Revolverheld. Hier darfst du mit einer Windpistole schießen! Für die echten Detektive gibt es eine lustige Schnitzeljagd und immer eine Überraschung.</p>
<p><strong>Wereldpaviljoen, Sint Michaëlstraat 6A</strong><br />
11.00-16.00 uur<br />
Steigen Sie in ein echtes Flugzeug, um die Länder Nicaragua und Ghana zu entdecken, lassen Sie Ihre Hände beim Djembe-/Trommel-Workshop schwingen, machen Sie eine Busfahrt in Ghana, treffen Sie den Medizinmann, lauschen Sie den Geschichten am Affenbrotbaum oder besuchen Sie die Zauberschule „Alwienietzietisblind-College“, um eine Schatzkarte zu erhalten.</p>
<p><strong>Toet tout theater, Kloosterstraat 6</strong><br />
11.00-16.00 uur<br />
Triwizard 'Alwienietzietisblind-College'<br />
Kommt zum Tag der offenen Tür in unsere Tri-Zauberer-Schule, seht euch den Stelzenläufer an, bastelt ein Traumwerk, während es lustige Live-Musik gibt, und bringt eine Schatzkarte mit, um im Weltpavillon nach Schätzen zu suchen!</p>
<p><strong>Missiehuis, Sint Michaëlstraat 7</strong><br />
14.00-16.00 uur<br />
Möchten Sie den Gründer des Klosterdorfes kennen lernen? Dann werfen Sie einen Blick auf die Missionare im Missionshaus St. Michael. Patres, Brüder und einige der blauen Schwestern stehen bereit, um Ihnen alles über das Leben und die Arbeit in diesem Klosterdorf zu erzählen, von vor 150 Jahren bis heute.</p>
<p><strong>Ketelhuis, Parkstraat 32</strong><br />
13.00-16.00 uur<br />
Gehen Sie zurück in die Vergangenheit und entdecken Sie, wie es früher in der Feuerwache zuging. Erfahren Sie, was im Brandfall zu tun ist und werfen Sie einen Blick auf unsere geniale Dampfmaschine. Lernen Sie spielerisch, wie sie funktioniert und bedienen Sie anschließend selbst eine Miniatur-Dampfmaschine. Beenden Sie Ihren Besuch mit einem Foto auf unserem historischen Feuerwehrauto.</p>
<p><strong>Open Podium</strong><br />
BOEi organiseert een open podium voor jongeren uit Steyl en omgeving. Bij het Wereldpaviljoen zullen vanaf 12:00 uur verschillende jongeren hun kunsten tonen aan het publiek.<br />
Kom kijken en geniet van een middag vol creatief talent!</p>
<p>Der Steyler Jugendtag bietet eine einzigartige Gelegenheit, Steyl zu entdecken. Komm vorbei, mach mit und erlebe einen tollen Tag mit Freunden und Familie!</p>
